me number?
True
Is 56135648553 a composite number?
True
Is 7642089821 a composite number?
True
Is 17615037841 composite?
False
Is 420426967 a composite number?
True
Is 503625421 a prime number?
False
Is 56531389141 a composite number?
True
Is 2593433041 prime?
True
Is 7188616741 a prime number?
True
Is 12589283881 a prime number?
True
Is 5011120493 prime?
False
Is 39944598997 composite?
False
Is 8258090098 composite?
True
Is 11692227383 a prime number?
False
Is 2674818979 a composite number?
True
Is 387188041 prime?
True
Is 15944111023 a prime number?
False
Is 127596699229 prime?
True
Is 510176071 a prime number?
True
Is 34550928563 prime?
True
Is 197496685643 a composite number?
False
Is 39132641777 prime?
False
Is 4901102489 a composite number?
True
Is 110109898007 composite?
False
Is 490852816053 composite?
True
Is 29832267733 prime?
False
Is 4470880759 composite?
False
Is 2201461709 composite?
True
Is 29207379494 prime?
False
Is 339190457 a composite number?
True
Is 1905933829 a composite number?
False
Is 5259221351 prime?
False
Is 15368274247 a composite number?
False
Is 2410356197 a composite number?
False
Is 1947677902 prime?
False
Is 22104137347 prime?
False
Is 42899281 composite?
False
Is 7770044549 prime?
True
Is 11836631441 a prime number?
False
Is 12308192033 composite?
False
Is 413220767 composite?
True
Is 719319782 a composite number?
True
Is 128630714 prime?
False
Is 12376162387 prime?
True
Is 5269587539 a composite number?
False
Is 1321377643 prime?
False
Is 197371543213 a composite number?
True
Is 2107742303 prime?
False
Is 11966220863 a prime number?
True
Is 70817401591 a composite number?
False
Is 2587079017 a prime number?
True
Is 396563311 a prime number?
True
Is 36754455473 a prime number?
True
Is 418404271 a composite number?
False
Is 24863159 prime?
False
Is 18663379 composite?
True
Is 100610323493 prime?
False
Is 3906763 a composite number?
True
Is 3340016489 prime?
False
Is 40607743427 a composite number?
True
Is 36622941937 a composite number?
True
Is 5857711999 a prime number?
False
Is 2645990201 composite?
False
Is 5498088679 prime?
True
Is 7504391383 a prime number?
False
Is 32934440593 composite?
False
Is 181967699 composite?
False
Is 1055137933 a prime number?
True
Is 734186641 composite?
False
Is 167369458765 a composite number?
True
Is 2660601623 composite?
False
Is 2440019851 prime?
True
Is 314286807929 prime?
False
Is 461798377 a composite number?
False
Is 2237711599 a prime number?
False
Is 3350836747 a prime number?
True
Is 2370091193 prime?
False
Is 4005732637 a prime number?
False
Is 13883693897 a prime number?
False
Is 19756400899 a prime number?
True
Is 1077928238 a composite number?
True
Is 6226110029 prime?
False
Is 1423635331 a composite number?
True
Is 150797107 prime?
True
Is 103975755983 prime?
False
Is 90846131 composite?
False
Is 3665132951 a composite number?
False
Is 149921929841 a composite number?
True
Is 3715409591 composite?
True
Is 16315273739 a prime number?
True
Is 109234885337 a composite number?
False
Is 1604733577 a prime number?
True
Is 1245099523 prime?
False
Is 12675546047 composite?
False
Is 52750077062 a prime number?
False
Is 1438034389 composite?
True
Is 59437415839 a composite number?
False
Is 16823993 prime?
True
Is 412914659 a composite number?
False
Is 20938453 prime?
False
Is 4103690077 composite?
False
Is 1004333311 a composite number?
True
Is 22130273297 prime?
False
Is 1328886899 a prime number?
False
Is 196771145 prime?
False
Is 4754997957 prime?
False
Is 8198195219 a composite number?
False
Is 10408084207 composite?
True
Is 424599911 a composite number?
True
Is 5488729 a composite number?
False
Is 85465573 prime?
True
Is 56900527 prime?
False
Is 46059995287 prime?
False
Is 11181647 a composite number?
True
Is 1793840267 a composite number?
True
Is 250884845605 a prime number?
False
Is 12068302163 a prime number?
True
Is 1452687767 a prime number?
True
Is 3109442627 composite?
True
Is 26775796757 composite?
False
Is 977513657 prime?
True
Is 1364487577 composite?
True
Is 5851581557 prime?
True
Is 491821801 a composite number?
False
Is 485981887 a prime number?
False
Is 16818179183 a composite number?
True
Is 83339381 composite?
False
Is 10245245063 a prime number?
True
Is 475863727 prime?
False
Is 7296039493 composite?
False
Is 2751446939 composite?
False
Is 1782865615 prime?
False
Is 899345137 a composite number?
False
Is 24307646881 a prime number?
False
Is 17665857857 a composite number?
False
Is 33755608621 prime?
False
Is 27087391418 composite?
True
Is 2760603437 prime?
True
Is 65194497383 composite?
True
Is 25840521335 a prime number?
False
Is 660770969 a prime number?
True
Is 5750509 prime?
True
Is 20384517749 a composite number?
False
Is 2558228339 prime?
True
Is 248278421 composite?
True
Is 127101187 composite?
False
Is 9403455031 prime?
False
Is 1668110891 composite?
True
Is 1998595423 prime?
False
Is 7838967589 a composite number?
False
Is 23284912643 a composite number?
False
Is 11482339058 composite?
True
Is 1528829779 a composite number?
True
Is 120614794217 prime?
True
Is 17015850407 a prime number?
True
Is 1670069527 a prime number?
False
Is 852794609 a prime number?
False
Is 3446790973 a prime number?
True
Is 212636279 a prime number?
True
Is 426688653 composite?
True
Is 2791915603 a composite number?
True
Is 33184874501 a composite number?
False
Is 43057111 a prime number?
True
Is 1176878041 a prime number?
False
Is 995657279 a prime number?
True
Is 677856541 a composite number?
False
Is 10945631423 prime?
False
Is 11224105351 a prime number?
False
Is 650268893 prime?
True
Is 3515353463 a composite number?
True
Is 120308771 a prime number?
False
Is 1651621567 a composite number?
True
Is 789699151 a prime number?
True
Is 3035202609 composite?
True
Is 52460062829 prime?
True
Is 43103256463 composite?
False
Is 4155641951 composite?
True
Is 35857461491 a prime number?
True
Is 6763744969 prime?
True
Is 1059610099 a prime number?
False
Is 4873611847 a composite number?
True
Is 525655541 prime?
True
Is 2912376073 a composite number?
False
Is 264681929 a prime number?
True
Is 23890569757 a prime number?
True
Is 8072027 composite?
False
Is 4212069577 a composite number?
False
Is 6517015627 a composite number?
True
Is 66949323783 prime?
False
Is 3096464221 prime?
False
Is 171580067 prime?
True
Is 198002438009 prime?
False
Is 5416292681 composite?
True
Is 13061704913 a composite number?
False
Is 1483764907 composite?
False
Is 83115183083 composite?
True
Is 11818957139 a prime number?
False
Is 631181437 a composite number?
True
Is 48563050201 a composite number?
False
Is 46639271539 a prime number?
False
Is 70509216497 composite?
True
Is 10063537681 prime?
False
Is 175238691829 a composite number?
False
Is 22790435081 a prime number?
True
Is 7279853029 a prime number?
True
Is 9504408457 composite?
True
Is 52071709777 a composite number?
False
Is 12268067099 a composite number?
False
Is 484252401 composite?
True
Is 7354310393 a prime number?
True
Is 2674813241 a composite number?
False
Is 2309812091 a composite number?
True
Is 192080407787 prime?
True
Is 6371901673 a composite number?
False
Is 35376257201 prime?
True
Is 434001585697 prime?
False
Is 844272059 a prime number?
True
Is 5034201743 prime?
True
Is 1308417739 a composite number?
True
Is 943162681 a prime number?
True
Is 84204167059 a prime number?
True
Is 16710448151 a composite number?
True
Is 8937133921 a composite number?
False
Is 761086619 a composite number?
True
Is 1947591343 a prime number?
True
Is 1418132467 prime?
False
Is 110068927 composite?
True
Is 97890649 a composite number?
False
Is 147629454611 a prime number?
True
Is 22465501 a prime number?
True
Is 327787847 prime?
False
Is 15214477363 composite?
True
Is 380284757 composite?
False
Is 3689875457 a prime number?
True
Is 63637773113 prime?
False
Is 9755573239 prime?
False
Is 1144366631 composite?
True
Is 1653527537 a composite number?
False
Is 27811718681 a prime number?
True
Is 966137831 a composite number?
False
Is 39054137897 prime?
True
Is 33866611 a composite number?
True
Is 90303245119 a prime number?
False
Is 134602859 prime?
False
Is 83198394571 composite?
False
Is 407244793 a composite number?
False
Is 1449558307 a prime numb